/(d + 0 + 0).
12
Suppose 31*a - 84185 - 103272 = 0. What is the remainder when a is divided by 36?
35
Suppose 4*j + 768 = -3*g, -2*j - 3*g - 238 = 140. Calculate the remainder when 239 is divided by j/(-10) + -5 + 1/2.
14
Suppose 0 = o + 15 - 30. Let q = -15 + o. Let a(l) = l + 80. What is the remainder when a(q) is divided by 27?
26
Suppose 42 = v - 3*i, -24 + 3 = -v - 4*i. Suppose -2*t + 4 = -m, 5*t - 26 = -m + t. Calculate the remainder when v is divided by m.
3
What is the remainder when ((-70545)/9)/(115/(-69)) is divided by 112?
111
Let r(p) = -6*p**2 + 174*p - 421. Calculate the remainder when r(22) is divided by 97.
18
Suppose 4*q = -w + 87, -w = -5*q + 2*w + 130. Let v = 32 - q. Suppose 0 = -v*s + 19 + 143. What is the remainder when s is divided by 5?
3
Let u = 589 - 571. Suppose 2 = -p + 10. Let q(r) = r**3 - 9*r**2 + 10*r - 11. What is the remainder when u is divided by q(p)?
3
Let k be 6/4 + 3 - 1/2. Suppose -2*y + r = 3*r - 80, 3*r = 9. Let t = y - k. Calculate the remainder when t is divided by 19.
14
Let a(s) = -s**3 - 32*s**2 - 48*s + 388. Calculate the remainder when 98 is divided by a(-30).
14
Calculate the remainder when (-5)/((-1176)/(-91) + -13) is divided by 9.
2
Let c(o) = o**2 - 2*o - 4. Let q = 58 - 54. Suppose -35 = -0*z - 3*z + 5*r, -q*z - 5*r + 70 = 0. What is the remainder when z is divided by c(4)?
3
Let i = 6940 - 6839. What is the remainder when i is divided by 52?
49
Suppose -210276 = 85*w - 144*w. Calculate the remainder when w is divided by 155.
154
Suppose 351488 = 45*w - 61522. What is the remainder when w is divided by 30?
28
Let c(u) = u**2 + 20*u - 27. Let b be c(-21). What is the remainder when (-778)/b + 1/(18/(-12)) is divided by 46?
37
Suppose 429 = 2*b - 191. Suppose -7*u - 3*u = -b. Calculate the remainder when 71 is divided by u.
9
Let b(t) = -t**2 - 12*t + 25. Let r = 0 - -1. Let o be ((39/9)/r)/(1/(-3)). What is the remainder when 33 is divided by b(o)?
9
Let y(x) = 3*x**3 - 31*x**2 + 38*x + 50. What is the remainder when y(9) is divided by 30?
8
Let a(w) = 3*w**3 - 3*w**2 - 5*w + 10. Let k = 115 + -111. What is the remainder when a(k) is divided by 9?
8
Let i = -69 - -340. Suppose 98 - 1309 = -3*n + 4*k, 0 = -4*k + 4. Let q = n - i. What is the remainder when q is divided by 8?
6
Let v be 6066/(-36)*(-9 - -1). Suppose 0 = 45*j - 4903 + v. Calculate the remainder when j is divided by 62.
17
Suppose -14*h - 4*f - 68 = -16*h, 5*f + 133 = 4*h. Suppose 0 = 3*i - 101 - 151. What is the remainder when i is divided by h?
20
Let q be 9*(10/3 - 3). Suppose 0 = 5*u + c - 3*c - 23, 0 = -3*c + q. Calculate the remainder when 51 is divided by (-136)/(-10) - (-2)/u.
9
Calculate the remainder when (-1161)/3*196/(-252) is divided by 91.
28
Let a = -29402 + 30430. Calculate the remainder when a is divided by 16.
4
Suppose 273 = 12*g - 2871. What is the remainder when (18/(-27))/(-1) + g/3 is divided by 40?
8
Suppose -3*z - 5*j + 1785 = 0, 5*j + 331 - 3276 = -5*z. Calculate the remainder when z is divided by 561.
19
What is the remainder when 3814/10 - (-18)/(-45) is divided by (0/((-5)/(-5)) - -5) + 3?
5
Suppose 0 = 128*a - 9214 + 1918. Calculate the remainder when 139 is divided by a.
25
Suppose 0 = 4*u - 3*u + 4*u. Suppose u = -5*k + q + 3*q + 54, 3*q - 26 = -k. Calculate the remainder when 53 is divided by k.
11
Let h = 42 - -4. Let d(q) = -q**3 - q**2 - 2*q. Let l be -1 - (12/(-3))/(-2). What is the remainder when h is divided by d(l)?
22
Let g(m) = -3150*m - 721. What is the remainder when g(-1) is divided by 603?
17
Let s be (100/24)/(-5)*-6. Suppose -880 = s*g - 10*g. Calculate the remainder when g is divided by 55.
11
Suppose 4*g + 117 = -3*s, 0 = 3*g + 2*g + 15. Suppose 11 = 2*u - 13. What is the remainder when (s/(-14))/(2/28) is divided by u?
11
Let r = 26 + -3. What is the remainder when 14/(-20)*-5*18 is divided by r?
17
Let f(p) = -3*p - 17. Let y be 3/(6/32*-2). Let j be f(y). Suppose -j*b + 32 = -255. Calculate the remainder when b is divided by 11.
8
Let t(p) be the first derivative of p**4/4 - 8*p**3 - 25*p**2/2 + 62*p + 15. What is the remainder when 120 is divided by t(25)?
58
Suppose 32*y = 27*y + 70. Suppose 5*n - 131 = y. Let j = 14 - 6. What is the remainder when n is divided by j?
5
Let k(t) = 66*t**2 + t. Let f be k(-1). Let y = 6946 - 6951. Let q = y + f. Calculate the remainder when 115 is divided by q.
55
Let k = -13 - -7. Let c be 1*2 + 4 + k. Suppose c*b = b - 94. What is the remainder when b is divided by 16?
14
Suppose -33 = -n + 2*t, 3*n + 5*t + 12 = 56. Suppose -r = q + 2, q + 4*r = 2*r - 3. Calculate the remainder when (2*(-2)/10)/(q/165) is divided by n.
20
Let z be 3*(-3)/9*5. Let d = 50 + z. Calculate the remainder when d is divided by 8.
5
Let u(x) = -x**3 + 12*x**2 - 13*x - 55. Let w be u(10). Suppose s - 33 = -14. What is the remainder when s is divided by (w/420 + 1/4)*42?
7
Let y(p) = 9*p**2 - p - 6. Let z be ((-104)/(-78))/(2 + 14/(-9)). Calculate the remainder when y(z) is divided by 37.
35
Let a = -41 - -39. What is the remainder when -6 - -1*46*18/18 is divided by (-1)/(-1) + a + 24?
17
Let u = 196 - 199. Let b(d) be the second derivative of -d**5/20 - d**4/6 - d**3/6 - 3*d**2/2 - 2*d. Calculate the remainder when 34 is divided by b(u).
7
Suppose 56*d + 149 - 696 = 4997. Calculate the remainder when 382 is divided by d.
85
Suppose 6291 + 2137 = 28*c. What is the remainder when 4511 is divided by c?
297
Suppose -16*s + 17035 + 4517 = 0. Calculate the remainder when s is divided by 18.
15
Suppose -36*t + 126*t = 990. Calculate the remainder when 138 is divided by t.
6
Let a(t) = -t**2 - 21*t + 7. Let f be a(-18). Suppose -56*n + f*n = 165. What is the remainder when n is divided by 5?
3
Let g(o) = 6*o**3 - 3*o**2 + 1. Let z be g(1). Suppose -3*v = -z*v + 11. Let u(y) = y**2 - 8*y - 3. What is the remainder when u(v) is divided by 8?
6
Suppose -1405 = -v + 3*j + 353, 4*v + 5*j - 6981 = 0. Calculate the remainder when v is divided by 348.
9
Suppose -21*d = 6*d - 3240. What is the remainder when d is divided by 30?
0
Let l(u) = u**2 - 9*u - 7. Let z be l(9). Let f = z + 7. Calculate the remainder when 670/5 - -3 - (-1 - f) is divided by 28.
26
Let d = 10 + -7. Let y = -10103 + 10120. Suppose -3*z + 3*l + y = -64, d*l - 74 = -2*z. Calculate the remainder when 90 is divided by z.
28
Let k = 799 + -669. Calculate the remainder when k is divided by 71.
59
Let g = -53 + 57. Let x be (8 - g)/4 + 2 + -1. Calculate the remainder when ((-360)/(-70))/(x/7) is divided by 5.
3
Let v = -65481 - -65489. What is the remainder when 157/3 + (-2)/6 is divided by v?
4
Let s = 510 - 359. Let c = s + -130. Suppose 4*z - 6*z + 2*g = -92, 0 = -2*g - 10. Calculate the remainder when z is divided by c.
20
Let v(a) = -30*a + 2. Let j be v(0). Calculate the remainder when (112 + -4 + 6)/j is divided by 12.
9
Let m = -132 + 223. Let r = m - 28. Suppose -4*f = 5*k - 84, -f + 56 = 3*f - 2*k. Calculate the remainder when r is divided by f.
15
Let d(w) = -229*w + 19239. Let t = 2 - -1. What is the remainder when d(84) is divided by t?
0
Let r(a) = -a + 23. Let z be r(20). Suppose 0 = 5*n - s + 385, n = z*n - 5*s + 131. Let i = -56 - n. Calculate the remainder when i is divided by 15.
7
Let s(t) = 21*t**2 + t + 10. Let p be s(-6). Suppose -8*k - p = -13*k. Calculate the remainder when k is divided by 40.
32
Let c = 85 - 56. Suppose -28 + 12 = -v. What is the remainder when c is divided by (v + -11)*(5 - 2)/1?
14
Suppose -20 = 7*m - 6*m. Calculate the remainder when (1 + m/8)*32/(-3) is divided by 3.
1
Suppose -4*w = 3*c - 29, 4*w - 4 - 7 = 3*c. Suppose x + x - 3*g - 25 = 0, x = -c*g + 26. Calculate the remainder when 96 is divided by x.
11
Let k = 7996 + -7672. Suppose -q = 4*q - 110. Calculate the remainder when k is divided by q.
16
Let o = -1182 + 549. Let u = o + 898. Calculate the remainder when u is divided by 38.
37
Suppose 184 = l + 3*v, -l - 2*v + 23 + 159 = 0. Calculate the remainder when l is divided by 49.
31
Let j be (40 - 38)/(2/(-1 + 0)). What is the remainder when 149 - (j + 5 + -4) is divided by 40?
29
Let x(m) = 54*m**2 + 2509*m - 5022. Calculate the remainder when x(2) is divided by 72*((-14)/(-8) + -1).
50
Suppose -543 = 8*l - 183. Let d = 59 + l. What is the remainder when 80